f - 2*j + 102 = c. Calculate the remainder when 71 is divided by f.
23
Let h = 3 + 2. Suppose 8*q - 15*q + 224 = 0. Suppose 4*d - q*y - 141 = -29*y, -5*y + 41 = d. Calculate the remainder when d is divided by h.
1
Let t = 0 + 110. Let v = 3572 + -3516. Calculate the remainder when t is divided by v.
54
Let m = 386 + -280. Let t(u) = u**2 - 8*u + 9. What is the remainder when m is divided by t(9)?
16
Let c = 647914 + -647907. Calculate the remainder when 246 + 0 + (-1 - 1) is divided by c.
6
Suppose 0 = 120*p - 86973 - 206427. Calculate the remainder when p is divided by 24.
21
Let y be (-1054)/(-14) - 2/7. Suppose 7*x = 4*x + y. Suppose -x*n = -29*n + 108. Calculate the remainder when 51 is divided by n.
24
Suppose 400*t = 396*t + 7940. Let i = t - 998. What is the remainder when i is divided by 66?
63
Suppose 0 = 7*o - 277 - 339. Suppose 0 = -j + 9 + o. Suppose 25 - j = -8*l. Calculate the remainder when 25 is divided by l.
7
Let g = -4 - -6. Let x(d) = -204*d - 800. Let t be x(-4). Suppose -g + t = 2*u. Calculate the remainder when u is divided by 4.
3
Calculate the remainder when (29 - 2)/((-6)/(-66)) is divided by (90/8)/((-135)/(-720)).
57
Suppose 4*c = 3*x + 19, 0 = -5*c + 382*x - 378*x + 24. What is the remainder when 213 is divided by c?
1
Suppose -c + 20*a - 15*a + 391 = 0, 2861 = 7*c - 4*a. Calculate the remainder when c is divided by 136.
3
Calculate the remainder when 202 is divided by (-3)/(18/(-950)) + -24*28/504.
45
Let y = -334 + 240. Let h = y - -234. Calculate the remainder when h is divided by 50.
40
Suppose -499*r - 440 = -504*r. What is the remainder when 131 is divided by r?
43
Suppose -28*c + 10 = -26*c. Suppose 7*x + c*x - 132 = 0. Calculate the remainder when 40 is divided by x.
7
Let d(v) = 5*v**2 + 671*v + 803. What is the remainder when 252 is divided by d(-133)?
2
Suppose -21*v + 5*i = -16*v - 4350, 2610 = 3*v - 5*i. Calculate the remainder when v is divided by 16.
6
Let r = -15552 + 15648. Let o(z) = 49*z**2 - 2*z - 1. Calculate the remainder when r is divided by o(-1).
46
Suppose -70*t + 305 = -118*t + 109*t. Suppose 0*u = 3*u. Suppose u = 2*j + j - 201. What is the remainder when j is divided by t?
2
Suppose -11*c = 4000 - 4737. What is the remainder when 266 is divided by c?
65
Let g be 1500/105*(49/2)/7. Suppose g*q - 8*q - 252 = 0. What is the remainder when ((-29)/2)/(1/(-2)) is divided by q?
5
Let p = 8154 + -7407. Calculate the remainder when p is divided by 155.
127
Let c(i) = 216*i - 2866. Calculate the remainder when c(24) is divided by 166.
160
Let v = -83 - -118. Let i be (-95)/v + (-4)/14. What is the remainder when 87 is divided by (18/30)/(i/(-15)) - -19?
21
Let m = -78 - -89. Suppose -m*t + 76 + 111 = 0. Calculate the remainder when 168 is divided by t.
15
Let s = -3323 + 3335. Calculate the remainder when 1138 is divided by s.
10
Suppose 5*m - 23 = -2*n, 4 = 2*m - n + 2. Calculate the remainder when (-54)/(-9)*44/m is divided by 27.
7
Let x be (-502)/2 + -1 + (9 - 4). Let f = x + 364. Let w = f - 102. What is the remainder when 22 is divided by w?
7
Let c = -67 - -37. Let v = 17 - c. Suppose -2*u + f = -43, 2*f + 153 = 5*u + v. Calculate the remainder when 38 is divided by u.
18
What is the remainder when 18095/26 + 31/806 is divided by 176?
168
Suppose -13*b + 158 + 128 = 0. Suppose 32*g = b*g + 2050. What is the remainder when g is divided by 21?
16
Suppose 734 - 46 = 4*v. Suppose -4*q = -3*t + 139, -2*q = -5*t + 83 + v. Calculate the remainder when 158 is divided by t.
52
Let b(f) = f**3 + f**2 - 5*f + 10. Calculate the remainder when b(3) is divided by 21.
10
Suppose -6*z + 5*z = -5*z. Suppose z = -12*x + 16*x - 12. What is the remainder when 13 is divided by x?
1
Let v(n) = -2*n + 5 + 44*n**2 - 88*n**2 + 47*n**2. Suppose 2*w - 70 - 78 = 0. Calculate the remainder when w is divided by v(3).
22
Suppose -14*y = -15*y - 2*h + 955, 5*y - 4749 = 3*h. What is the remainder when y is divided by 29?
23
Let k = -4345 + 4564. Calculate the remainder when k is divided by 84.
51
Let g(s) = 79*s**2 + 585*s + 17. Calculate the remainder when 811 is divided by g(-8).
25
Suppose -246 = -7*m + 202. Calculate the remainder when (-9)/3 - (-35 + (2 - 2)) is divided by (-3)/(-4)*m/(20/5).
8
Let o = 890 - 829. Suppose 11408 = o*l + l. What is the remainder when l is divided by 52?
28
Suppose -4*m - 93 = -k, -2*k + 4*m + 70 = -100. Suppose -f + 49 - 10 = 0. What is the remainder when k is divided by f?
38
Suppose -3*w - 22*q + 18*q + 102 = 0, 0 = w - 3*q - 21. Suppose -2*z + 537 = 3*u - 7*z, -5*z + 855 = 5*u. Calculate the remainder when u is divided by w.
24
Suppose -k - 13 = -2*y, 4*y - 6*k - 5 = -11*k. Suppose -2964 = -8*a - y*a. Calculate the remainder when a is divided by 21.
18
Let v(a) be the third derivative of a**6/120 + 7*a**5/60 - 23*a**4/24 - 13*a**3/3 + 9*a**2. Calculate the remainder when 492 is divided by v(-9).
17
Suppose 945272 - 213038 = 250*c - 203266. What is the remainder when c is divided by 117?
115
Suppose 10*c - c - 333 = 0. Let h = 1159 + -1135. What is the remainder when c is divided by h?
13
Suppose 0 = -4*f, -4*k + 2*f + 104 = -2*f. Suppose -9*l + k = -7*l. What is the remainder when 25 is divided by l?
12
Let a = 19 + -15. Suppose -4*g + 17 = -15. Suppose a*q = g, 225 = 3*i - 2*q - q. Calculate the remainder when i is divided by 20.
17
Let f = 12494 - 12483. What is the remainder when f is divided by 8?
3
Let k = -18 + 25. Calculate the remainder when (-19 + (54 - -3))*1*2/4 is divided by k.
5
Suppose 22*p - 17875 = 6*p + 55501. Calculate the remainder when p is divided by 24.
2
Let b = 296 + -290. Let r = 1215 - 1198. Calculate the remainder when r is divided by b.
5
Suppose 2*v - 2 = 0, -2*n + 17*v - 21*v + 3752 = 0. What is the remainder when n is divided by 28?
26
Suppose -61*v + 1718 + 722 = 0. Let x = 4 - 33. Let r = v + x. What is the remainder when 219 is divided by r?
10
Let a be ((-114)/(-24))/(3/12). Let f be (-16)/6*(-1 - 2). Let q = a - f. What is the remainder when 43 is divided by q?
10
Let a(t) = 18*t**2 + 92*t - 259. Let k(r) = -r**3 + 5*r**2 + 2*r - 3. Calculate the remainder when a(-8) is divided by k(5).
3
Suppose 0 = 3*a - 163 - 650. Suppose -8*r + 30 = -138. Calculate the remainder when a is divided by r.
19
Let w = -3971 + 4053. Calculate the remainder when w is divided by 30.
22
Let c(t) = t**2 - 8*t - 22. What is the remainder when c(-11) is divided by 19?
16
Suppose 6*n + 3*m - 1587 = 0, n - 100*m = -102*m + 266. Calculate the remainder when 1066 is divided by n.
10
Let t = -38961 - -39097. Suppose 4*l = -l + 70. Calculate the remainder when t is divided by l.
10
Suppose -965 = -4*m - 5*g - 0*g, 5*m - g - 1228 = 0. Calculate the remainder when m is divided by 12.
5
Suppose -212 = -5*c - 2*r, 6*r - 43 = -2*c + 47. What is the remainder when 150 is divided by c?
24
Let y be (-4)/10 + (-22)/(-5). Let d be -3 + (-204)/(-42) + 1/7. Suppose -d*v + 17 = o, y*o + 18 = -5*v + 62. Calculate the remainder when 22 is divided by v.
6
Let c = 4 + -12. Let l = c + 25. Suppose -67*r = -5*g - 69*r + 574, 113 = g + r. What is the remainder when g is divided by l?
14
Suppose 6*y + n - 16 = 5*y, -4*n = -y + 26. Suppose -3*j - 720 = -y*j. Calculate the remainder when j is divided by 13.
9
Let i be (-2)/(-5)*(-25)/(-5). Let l be 11 + 1*(0 + -1). Suppose -l*y + i*y + 88 = 0. Calculate the remainder when 54 is divided by y.
10
Let f(k) = -86*k - 2135. Calculate the remainder when 3542 is divided by f(-28).
266
Let h(g) = -10*g + 187. Let p be h(17). Let o(r) = -r + 29. Calculate the remainder when 117 is divided by o(p).
9
Suppose 5*p - 1872 = 815 + 548. What is the remainder when p is divided by 33?
20
Let g(i) = 19*i**2 + 128*i + 72. What is the remainder when g(-19) is divided by 9?
8
Let p = 184 - 180. Suppose -2*w + 9 + p = 5*i, i + 5*w = 21. What is the remainder when 3 is divided by i?
0
What is the remainder when 64 is divided by (-247)/(-38)*60/10?
25
Suppose q - 1 = g, -g + 8 = -3*g + 4*q. Let s = g - -11. Suppose -3*y - 58 = 2*f - 3*f, 120 = 2*f - 4*y. Calculate the remainder when f is divided by s.
12
Let t be -2*(-531)/(-6) - 1. Let z = t - -297. Suppose 2*v = s + z, 2*v + 2*s = -0*v + 104. Calculate the remainder when v is divided by 21.
15
Suppose 29 = 3*r - 3*f -